 9. Suppose 1 + 11 = -4*o + 4*u, 0 = -3*u + 15. Suppose y = -o*y + 6. Is v(y) a prime number?
True
Suppose -164 = 9*x - 794. Suppose 62*o + 126264 = x*o. Is o composite?
True
Let k(q) = 18*q**2 + 2*q - 5. Suppose z + 3*z - 8 = 0. Let t be k(z). Suppose -m + 101 + t = 3*l, -5 = l. Is m composite?
True
Let f(k) = 187*k**2 + 68*k + 1554. Is f(-25) a composite number?
True
Let b(p) = -9779*p + 140. Is b(-13) composite?
True
Let j be (-15272)/(2 - 6) - 4. Suppose -9*i + 2900 + j = 0. Is i a prime number?
False
Let y(p) = -320*p - 9. Let j(r) = -319*r - 8. Let s(v) = 6*j(v) - 5*y(v). Suppose 4*o + 6 = 6*o - 4*u, -3*o - u - 19 = 0. Is s(o) a composite number?
False
Suppose -149507 = 19*f - 439314. Is f a prime number?
False
Let l = 174563 - 87492. Is l prime?
True
Let i(q) = 2*q**3 + 2*q**2 + q + 9. Let u be i(0). Suppose -11154 = -u*f + 141. Is f composite?
True
Let r be (-11)/(-55) + 114/5. Suppose 0 = 20*a - r*a + 9. Suppose 0 = -a*x + 4155 - 612. Is x prime?
True
Let k be (-2)/18 + (2 - 2464/18). Let y = 191 - k. Is y a prime number?
False
Let j = -474709 + 941246. Is j a composite number?
False
Let j(g) = 79*g**2 + 16*g - 110. Is j(17) a composite number?
False
Suppose 0 = 5*n - 2*l - 8490, 0 = n + 5*l - 1984 + 259. Suppose -8*y + 4*k - 216 = -4*y, 42 = -y + 4*k. Let q = n + y. Is q a composite number?
True
Let k(m) = 7*m**3 - 16*m**2 + 24*m + 33. Let z be k(13). Suppose -6*l + z - 354 = 0. Is l prime?
True
Suppose -4*x = -5*i - 766743, -22*x + 3*i + 575058 = -19*x. Is x composite?
True
Let q = 817 - 808. Let i(y) = 154*y + 251. Is i(q) a composite number?
False
Suppose 27 + 63 = 18*v. Suppose -2*m - 4 = 0, -v*j - 25852 = 2*m - 104693. Is j a composite number?
True
Suppose -3*b - 1810 = u, -5*b = -5*u + 3597 - 587. Let w = b + 2552. Is w a prime number?
True
Suppose 9*n - 5457 = 9600. Suppose 2*l + 968 = 4*f, -3*l - 41 = 4*f + 1431. Let q = n - l. Is q a prime number?
True
Let k = 99 - 108. Let i(q) = -q**3 - 7*q**2 - 7*q + 12. Let z be i(k). Let h = 1090 - z. Is h prime?
True
Suppose -3*z + 103 = -5. Let j = 38 - z. Is -29*-9*j - 1 composite?
False
Let z be 15/(-20)*20/(-5). Suppose 3*r - 4*t = -152, 3*r + 107 = r - z*t. Is (r/208)/(3237/(-3236) + 1) prime?
True
Let t = 24440 - 14379. Let y = 14500 - t. Is y composite?
True
Suppose 0 = 78*z - 239*z + 9691405 + 7365418. Is z composite?
False
Suppose 55*a - 68*a + 3677377 + 3947604 = 0. Is a a prime number?
False
Let f(p) = 284*p**2 - 116*p + 15. Let y(h) = 3*h - 101. Let i be y(36). Is f(i) prime?
False
Suppose 23*c - 24210 = 13*c. Let k = c - -3206. Is k composite?
True
Suppose -3*x + 6*x - 6 = 0. Suppose 7*m = x + 5. Let s(k) = 679*k**2 + k - 1. Is s(m) a composite number?
True
Let n(h) = -4*h - 30. Let m(g) = -3*g - 20. Let c(w) = 7*m(w) - 5*n(w). Let a be c(-3). Suppose -a*j = -17*j + 3212. Is j a prime number?
False
Let q(n) = -2. Let a(x) = -373*x + 66. Let m(r) = -a(r) + 4*q(r). Let g be m(9). Let j = -2342 + g. Is j composite?
False
Let r be ((0/(-4))/6)/(-4). Suppose r = 10*j - 9*j - 517. Is j composite?
True
Let x(t) = 3*t**3 + 13*t**2 + 15*t + 47. Let v be x(-29). Let w = -37679 - v. Is w a composite number?
False
Suppose -1348715 = -31*u - 64*u. Is u a composite number?
False
Let i = 5639 - 3420. Suppose 12*v + i = 2*r + 9*v, 2*v - 3348 = -3*r. Is r a composite number?
True
Let f = -25117 - -50780. Suppose 157*n - 146*n - f = 0. Is n a composite number?
False
Let m = 57340 + -37629. Is m a composite number?
True
Let z be -152 - (8/2 - 7). Is 2/(-4)*z*(4 - 2) prime?
True
Suppose 16 = 3*g - 5. Let f(q) = 97*q + 20. Let x(y) = 195*y + 39. Let l(a) = 7*f(a) - 3*x(a). Is l(g) prime?
False
Let b be (-15)/((-105)/14) - -39069. Let q = -25272 + b. Is q composite?
False
Let z(k) = -k**2 - 6*k + 63. Let x be z(-13). Let p be (-1)/3 + 8/(-3). Is (42/x)/(p/20) prime?
False
Suppose -3 = -2*t + 3, 5*a + 5*t - 85 = 0. Let s(j) = 8*j + 4*j + 9 - a - 3*j. Is s(7) a prime number?
False
Is (-455400)/(-39) - (240/195)/(-16) composite?
False
Let z = 5062 + 65269. Is z a composite number?
True
Suppose -193974 + 70118 = -16*r. Is r prime?
True
Suppose v + 4*j - 1836 = 6726, j - 42791 = -5*v. Suppose -v - 5162 = -a. Suppose 5*p = 20, -3*k - k = -3*p - a. Is k a composite number?
False
Suppose -1035388 + 740861 = -56*c + 2625257. Is c composite?
True
Suppose 33*s + 21658 = 20*s. Let h = -947 - s. Is h a prime number?
True
Is 3132402/77 - -13 - 6/11 a prime number?
True
Let v(r) = -1515*r - 2. Let q(l) = 1515*l + 3. Let g(u) = 3*q(u) + 4*v(u). Let s be g(2). Let c = s + 4242. Is c prime?
True
Let v(l) = -l**3 - 3*l**2 + 5*l + 3. Let i be 8/((-2)/2*2). Let n be v(i). Is (316/(-6) + n)*-3 a prime number?
False
Suppose 7 = 6*p - 5. Suppose 0 = -p*n + 7*n - 10495. Is n a prime number?
True
Suppose -3*u + 936389 + 692632 = 0. Is u a composite number?
True
Let c = 10267 + -4899. Let v = 14345 - c. Is v a prime number?
False
Let l(j) = -113*j**2 + 25*j - 35. Let p(v) = 28*v**2 - 6*v + 9. Let h(w) = 2*l(w) + 9*p(w). Suppose c = 4*a + 38, -2*c - 25 = 2*a - 11. Is h(a) composite?
False
Let a(h) = -172*h - 7. Let u be a(-5). Suppose 4*s + 2*k = 8, -4*k - 27 = 2*s - 25. Suppose x + 4*v - v = u, -x = -s*v - 853. Is x a composite number?
False
Let w(i) = -7*i - 27. Let m be w(-6). Let d be (-2)/(-3) - ((-80)/m - -4). Suppose 4*o = d*k - 0*o - 4346, -2*o = 2*k - 4364. Is k composite?
False
Let j(y) = y - 4. Let d be j(20). Suppose 6*r = 8 + d. Suppose 541 = r*x - 351. Is x composite?
False
Let r = -464403 - -746961. Suppose 851510 = 8*g + r. Is g a composite number?
False
Is (-771834)/(-1 - 22) + -19 composite?
True
Let s(j) = 2*j - 29. Let h be s(16). Suppose h*r - r = g - 12, -r - 9 = -2*g. Suppose g*f - 3786 = -4*f. Is f a prime number?
True
Suppose -97920 = -5*i - 7*i. Suppose -9*n + i = -6753. Is n composite?
False
Let y(x) = -2*x**3 + 8*x**2 + 9*x + 12. Let f be y(8). Let n = f - -817. Is n prime?
True
Let r = -1383 - -351. Let u = r - -2441. Is u a composite number?
False
Let p = -53 - -91. Let i = 47 - p. Let b(o) = 189*o - 23. Is b(i) prime?
False
Let j = -84531 - -118588. Is j composite?
False
Let s = -84767 - -153028. Is s composite?
False
Suppose 0 = -23*a + 26*a. Suppose -29*c - 9218 + 54661 = a. Is c a composite number?
False
Suppose d - 574 + 526 = 0. Is ((-138)/d*-4)/((-1)/(-818)) a prime number?
False
Suppose -6*p + 50 = 4*p. Suppose 2*t + 840 = 2*m - 1490, p*t - 5775 = -5*m. Suppose -180 = -4*b + m. Is b a composite number?
True
Let m be (2/(-5))/(8/(-1440)). Suppose -m*o + 79*o - 10927 = 0. Is o composite?
True
Suppose -5 = 5*r, -2*r - 16 = -3*s - 2. Is (-5 + 243/6)*(s + 154) composite?
True
Let j be -1*(-3)/(-6)*-14. Suppose 11*d - j*d - 24 = 0. Suppose -3*a - 282 = -d*a. Is a a prime number?
False
Let y(s) = 10479*s + 3250. Is y(87) prime?
False
Suppose 5*b - w - 19 = 0, 0 = 3*b - w - 4 - 7. Suppose -2*j - 24852 = -5*n + 9567, -b*n = j - 27530. Is n a prime number?
True
Let c(h) = 4*h**2 + 63*h - 11. Let q be c(-16). Is 32588/(q + -7)*(-1)/2 a prime number?
True
Let t(n) be the third derivative of 37*n**2 + 0 - 14/3*n**3 + 19/8*n**4 + 0*n. Is t(13) composite?
True
Let b(p) = -4796*p - 58. Let w be b(-4). Let j = 32703 - w. Is j a composite number?
False
Suppose 3 = 3*a, 0 = 5*p - 3*a - 42 + 20. Let t = -2806 - -1454. Is 2/6 + p/(-15)*t a composite number?
True
Let n be (12/2 - 0)/((-9)/(-6)). Suppose -n*s + 2461 = 5*m, -5*m - 1975 = -9*m + 3*s. Is m prime?
False
Suppose 5*t - 10 = w + t, -3*w - 3*t = 30. Let c be 85/(-34)*(-12)/w. Is (-731)/c*(-1 + 4) prime?
False
Let n(w) = -1197*w**2 + 23*w + 81. Let u be n(-4). Let m = -7986 - u. Is m prime?
True
Let b(h) = 0 - 21*h - 74172*h**2 + 74561*h**2 + 3. Let l = -9 + 13. Is b(l) a prime number?
True
Let h be 6291 + (-3)/(-3) + (-8 - -7). Suppose 5*r = -3*x + 10504, 7*r + h = 10*r - 2*x. Is r composite?
False
Suppose 0 = 2*a + 4*y - 270710, -5*y + 406113 = 3*a - 7*y. Is a prime?
True
Suppose 4*q + 310387 = 81*q. Is q prime?
False
Let l(c) = -c**2 - c + 10. Let t be l(6). Let h be -1 + 8/(t/(-12)). Suppose 3*y = -y + 4*n + 1576, 5*y - 1961 = h*n. Is y prime?
False
Is 1/((-2)/(-124156)) - 594/(-198) a prime number?
True
Let q = -42631 - -62339. Is q + (0 - 4/(1 + -5)) a composite number?
False
Suppose -5*z - 55 + 65 = 0. Let o(r) = 4*r + r + 81 + 111*r**z 